{"id":616,"date":"2011-05-08T19:25:29","date_gmt":"2011-05-08T17:25:29","guid":{"rendered":"http:\/\/demoseite.upeuker.net\/wordpress\/?page_id=5"},"modified":"2020-08-30T15:00:19","modified_gmt":"2020-08-30T13:00:19","slug":"dirigenten","status":"publish","type":"page","link":"https:\/\/orchesterfreunde-gera.de\/content\/dirigenten\/","title":{"rendered":"Dirigenten"},"content":{"rendered":"<p>Hier stellen wir Ihnen die Dirigenten vor, welche seit dem Zusammenschluss des Landestheater Altenburg und der B\u00fchnen der Stadt Gera im Jahre 1995, das Orchester leiteten und pr\u00e4gten.<\/p>\n<h4><strong><a title=\"Russel N. Harris\" href=\"https:\/\/orchesterfreunde-gera.de\/content\/dirigenten\/russell-n-harris\" target=\"_self\" rel=\"noopener noreferrer\">Russell N. Harris<\/a><\/strong><\/h4>\n<h4><strong><a title=\"Gabriel Feltz\" href=\"https:\/\/orchesterfreunde-gera.de\/content\/dirigenten\/gabriel-feltz\" target=\"_self\" rel=\"noopener noreferrer\">Gabriel Feltz<\/a><\/strong><\/h4>\n<h4><strong><a title=\"Horward Armann\" href=\"https:\/\/orchesterfreunde-gera.de\/content\/dirigenten\/eric-solen\/\">Eric Sol\u00e8n<br \/>\n<\/a><\/strong><\/h4>\n<h4><strong><a title=\"Horward Armann\" href=\"https:\/\/orchesterfreunde-gera.de\/content\/dirigenten\/horward-armann\/\" target=\"_self\" rel=\"noopener noreferrer\">Howard Arman<\/a><\/strong><\/h4>\n<h4><a title=\"Laurent Wagner\" href=\"https:\/\/orchesterfreunde-gera.de\/content\/laurent-wagner\/\" target=\"_blank\" rel=\"noopener noreferrer\">Laurent Wagner<\/a><\/h4>\n<h4><a href=\"https:\/\/orchesterfreunde-gera.de\/content\/ruben-gazarian\/\" target=\"_blank\" rel=\"noopener noreferrer\">Ruben Gazarian<\/a><\/h4>\n","protected":false},"excerpt":{"rendered":"<p>Hier stellen wir Ihnen die Dirigenten vor, welche seit dem Zusammenschluss des Landestheater Altenburg und der B\u00fchnen der Stadt Gera im Jahre 1995, das Orchester leiteten und pr\u00e4gten. Russell N. Harris Gabriel Feltz Eric Sol\u00e8n Howard Arman Laurent Wagner Ruben Gazarian<\/p>\n","protected":false},"author":1,"featured_media":0,"parent":0,"menu_order":0,"comment_status":"open","ping_status":"open","template":"","meta":{"footnotes":""},"class_list":["post-616","page","type-page","status-publish","hentry"],"_links":{"self":[{"href":"https:\/\/orchesterfreunde-gera.de\/content\/wp-json\/wp\/v2\/pages\/616","targetHints":{"allow":["GET"]}}],"collection":[{"href":"https:\/\/orchesterfreunde-gera.de\/content\/wp-json\/wp\/v2\/pages"}],"about":[{"href":"https:\/\/orchesterfreunde-gera.de\/content\/wp-json\/wp\/v2\/types\/page"}],"author":[{"embeddable":true,"href":"https:\/\/orchesterfreunde-gera.de\/content\/wp-json\/wp\/v2\/users\/1"}],"replies":[{"embeddable":true,"href":"https:\/\/orchesterfreunde-gera.de\/content\/wp-json\/wp\/v2\/comments?post=616"}],"version-history":[{"count":13,"href":"https:\/\/orchesterfreunde-gera.de\/content\/wp-json\/wp\/v2\/pages\/616\/revisions"}],"predecessor-version":[{"id":468371,"href":"https:\/\/orchesterfreunde-gera.de\/content\/wp-json\/wp\/v2\/pages\/616\/revisions\/468371"}],"wp:attachment":[{"href":"https:\/\/orchesterfreunde-gera.de\/content\/wp-json\/wp\/v2\/media?parent=616"}],"curies":[{"name":"wp","href":"https:\/\/api.w.org\/{rel}","templated":true}]}}

<p>Hier stellen wir Ihnen die Dirigenten vor, welche seit dem Zusammenschluss des Landestheater Altenburg und der Bühnen der Stadt Gera im Jahre 1995, das Orchester leiteten und prägten.</p>
<h4><strong><a title="Russel N. Harris" href="https://orchesterfreunde-gera.de/content/dirigenten/russell-n-harris" target="_self" rel="noopener noreferrer">Russell N. Harris</a></strong></h4>
<h4><strong><a title="Gabriel Feltz" href="https://orchesterfreunde-gera.de/content/dirigenten/gabriel-feltz" target="_self" rel="noopener noreferrer">Gabriel Feltz</a></strong></h4>
<h4><strong><a title="Horward Armann" href="https://orchesterfreunde-gera.de/content/dirigenten/eric-solen/">Eric Solèn<br />
</a></strong></h4>
<h4><strong><a title="Horward Armann" href="https://orchesterfreunde-gera.de/content/dirigenten/horward-armann/" target="_self" rel="noopener noreferrer">Howard Arman</a></strong></h4>
<h4><a title="Laurent Wagner" href="https://orchesterfreunde-gera.de/content/laurent-wagner/" target="_blank" rel="noopener noreferrer">Laurent Wagner</a></h4>
<h4><a href="https://orchesterfreunde-gera.de/content/ruben-gazarian/" target="_blank" rel="noopener noreferrer">Ruben Gazarian</a></h4>

<p>Hier stellen wir Ihnen die Dirigenten vor, welche seit dem Zusammenschluss des Landestheater Altenburg und der Bühnen der Stadt Gera im Jahre 1995, das Orchester leiteten und prägten. Russell N. Harris Gabriel Feltz Eric Solèn Howard Arman Laurent Wagner Ruben Gazarian</p>
