{"id":51791395715222570,"date":"2024-09-03T08:46:21","date_gmt":"2024-09-03T06:46:21","guid":{"rendered":"https:\/\/orchesterfreunde-gera.de\/content\/?page_id=51791395715222570"},"modified":"2024-09-03T08:46:24","modified_gmt":"2024-09-03T06:46:24","slug":"vereinsausfahrt-2024","status":"publish","type":"page","link":"https:\/\/orchesterfreunde-gera.de\/content\/vereinsausfahrt-2024\/","title":{"rendered":"Vereinsausfahrt 2024"},"content":{"rendered":"\n<p class=\"has-medium-font-size\">Unser Verein unternahm am 31.August eine musikalische Exkursion in die Schlosskirche St.Trinitatis Wei\u00dfenfels mit wunderbarer Orgelmusik unseres Vereinsmitgliedes Frau Hahn an der F\u00f6rner-Orgel. Inklusive F\u00fchrung in die Gruft der herzoglichen Familie samt Prunks\u00e4rgen. Als weitere Stationen besuchten wir das Goethe-Theater Bad Lauchst\u00e4dt und die historischen Kuranlagen. Ein erlebnisreicher und informativer Tag!<\/p>\n\n\n\n<div class=\"wp-block-columns is-layout-flex wp-container-core-columns-is-layout-9d6595d7 wp-block-columns-is-layout-flex\">\n<div class=\"wp-block-column is-layout-flow wp-block-column-is-layout-flow\" style=\"flex-basis:100%\">\n<figure class=\"wp-block-gallery has-nested-images columns-default is-cropped wp-block-gallery-1 is-layout-flex wp-block-gallery-is-layout-flex\">\n<figure class=\"wp-block-image size-large\"><a href=\"https:\/\/orchesterfreunde-gera.de\/content\/wp-content\/uploads\/2024\/09\/IMG_20240831_1033142-2-scaled.jpg\"><img decoding=\"async\" data-id=\"51791395715222650\" src=\"https:\/\/orchesterfreunde-gera.de\/content\/wp-content\/uploads\/2024\/09\/IMG_20240831_1033142-2-768x1024.jpg\" alt=\"\" class=\"wp-image-51791395715222650\"\/><\/a><figcaption class=\"wp-element-caption\">00000000<\/figcaption><\/figure>\n\n\n\n<figure class=\"wp-block-image size-large\"><a href=\"https:\/\/orchesterfreunde-gera.de\/content\/wp-content\/uploads\/2024\/09\/IMG_20240831_093531-2-scaled.jpg\"><img decoding=\"async\" data-id=\"51791395715222650\" src=\"https:\/\/orchesterfreunde-gera.de\/content\/wp-content\/uploads\/2024\/09\/IMG_20240831_093531-2-1024x768.jpg\" alt=\"\" class=\"wp-image-51791395715222650\"\/><\/a><figcaption class=\"wp-element-caption\">00000000<\/figcaption><\/figure>\n\n\n\n<figure class=\"wp-block-image size-large\"><a href=\"https:\/\/orchesterfreunde-gera.de\/content\/wp-content\/uploads\/2024\/09\/IMG_20240831_093545-3-scaled.jpg\"><img decoding=\"async\" data-id=\"51791395715222650\" src=\"https:\/\/orchesterfreunde-gera.de\/content\/wp-content\/uploads\/2024\/09\/IMG_20240831_093545-3-768x1024.jpg\" alt=\"\" class=\"wp-image-51791395715222650\"\/><\/a><figcaption class=\"wp-element-caption\">00000000<\/figcaption><\/figure>\n<\/figure>\n<\/div>\n<\/div>\n\n\n\n<figure class=\"wp-block-gallery has-nested-images columns-default is-cropped wp-block-gallery-2 is-layout-flex wp-block-gallery-is-layout-flex\">\n<figure class=\"wp-block-image\"><img decoding=\"async\" data-id=\"51791395715222570\" src=\"https:\/\/orchesterfreunde-gera.de\/content\/wp-content\/uploads\/2024\/09\/IMG_20240831_1022022-scaled.jpg\" alt=\"\" class=\"wp-image-51791395715222570\"\/><figcaption class=\"wp-element-caption\">00000001<\/figcaption><\/figure>\n\n\n\n<figure class=\"wp-block-image size-large\"><a href=\"https:\/\/orchesterfreunde-gera.de\/content\/wp-content\/uploads\/2024\/09\/IMG_20240831_1020362-2-scaled.jpg\"><img loading=\"lazy\" decoding=\"async\" width=\"768\" height=\"1024\" data-id=\"51791395715222630\" src=\"https:\/\/orchesterfreunde-gera.de\/content\/wp-content\/uploads\/2024\/09\/IMG_20240831_1020362-2-768x1024.jpg\" alt=\"\" class=\"wp-image-51791395715222630\" srcset=\"https:\/\/orchesterfreunde-gera.de\/content\/wp-content\/uploads\/2024\/09\/IMG_20240831_1020362-2-768x1024.jpg 768w, https:\/\/orchesterfreunde-gera.de\/content\/wp-content\/uploads\/2024\/09\/IMG_20240831_1020362-2-225x300.jpg 225w, https:\/\/orchesterfreunde-gera.de\/content\/wp-content\/uploads\/2024\/09\/IMG_20240831_1020362-2-1152x1536.jpg 1152w, https:\/\/orchesterfreunde-gera.de\/content\/wp-content\/uploads\/2024\/09\/IMG_20240831_1020362-2-1536x2048.jpg 1536w, https:\/\/orchesterfreunde-gera.de\/content\/wp-content\/uploads\/2024\/09\/IMG_20240831_1020362-2-640x853.jpg 640w, https:\/\/orchesterfreunde-gera.de\/content\/wp-content\/uploads\/2024\/09\/IMG_20240831_1020362-2-scaled.jpg 1920w\" sizes=\"auto, (max-width: 768px) 100vw, 768px\" \/><\/a><figcaption class=\"wp-element-caption\">00000001<\/figcaption><\/figure>\n\n\n\n<figure class=\"wp-block-image size-large\"><a href=\"https:\/\/orchesterfreunde-gera.de\/content\/wp-content\/uploads\/2024\/09\/IMG_20240831_110507-1-scaled.jpg\"><img loading=\"lazy\" decoding=\"async\" width=\"768\" height=\"1024\" data-id=\"51791395715222616\" src=\"https:\/\/orchesterfreunde-gera.de\/content\/wp-content\/uploads\/2024\/09\/IMG_20240831_110507-1-768x1024.jpg\" alt=\"\" class=\"wp-image-51791395715222616\" srcset=\"https:\/\/orchesterfreunde-gera.de\/content\/wp-content\/uploads\/2024\/09\/IMG_20240831_110507-1-768x1024.jpg 768w, https:\/\/orchesterfreunde-gera.de\/content\/wp-content\/uploads\/2024\/09\/IMG_20240831_110507-1-225x300.jpg 225w, https:\/\/orchesterfreunde-gera.de\/content\/wp-content\/uploads\/2024\/09\/IMG_20240831_110507-1-1152x1536.jpg 1152w, https:\/\/orchesterfreunde-gera.de\/content\/wp-content\/uploads\/2024\/09\/IMG_20240831_110507-1-1536x2048.jpg 1536w, https:\/\/orchesterfreunde-gera.de\/content\/wp-content\/uploads\/2024\/09\/IMG_20240831_110507-1-640x853.jpg 640w, https:\/\/orchesterfreunde-gera.de\/content\/wp-content\/uploads\/2024\/09\/IMG_20240831_110507-1-scaled.jpg 1920w\" sizes=\"auto, (max-width: 768px) 100vw, 768px\" \/><\/a><figcaption class=\"wp-element-caption\">00000000<\/figcaption><\/figure>\n\n\n\n<figure class=\"wp-block-image size-large\"><a href=\"https:\/\/orchesterfreunde-gera.de\/content\/wp-content\/uploads\/2024\/09\/IMG_20240831_102506-scaled.jpg\"><img loading=\"lazy\" decoding=\"async\" width=\"768\" height=\"1024\" data-id=\"51791395715222580\" src=\"https:\/\/orchesterfreunde-gera.de\/content\/wp-content\/uploads\/2024\/09\/IMG_20240831_102506-768x1024.jpg\" alt=\"\" class=\"wp-image-51791395715222580\" srcset=\"https:\/\/orchesterfreunde-gera.de\/content\/wp-content\/uploads\/2024\/09\/IMG_20240831_102506-768x1024.jpg 768w, https:\/\/orchesterfreunde-gera.de\/content\/wp-content\/uploads\/2024\/09\/IMG_20240831_102506-225x300.jpg 225w, https:\/\/orchesterfreunde-gera.de\/content\/wp-content\/uploads\/2024\/09\/IMG_20240831_102506-1152x1536.jpg 1152w, https:\/\/orchesterfreunde-gera.de\/content\/wp-content\/uploads\/2024\/09\/IMG_20240831_102506-1536x2048.jpg 1536w, https:\/\/orchesterfreunde-gera.de\/content\/wp-content\/uploads\/2024\/09\/IMG_20240831_102506-640x853.jpg 640w, https:\/\/orchesterfreunde-gera.de\/content\/wp-content\/uploads\/2024\/09\/IMG_20240831_102506-scaled.jpg 1920w\" sizes=\"auto, (max-width: 768px) 100vw, 768px\" \/><\/a><figcaption class=\"wp-element-caption\">00000000<\/figcaption><\/figure>\n\n\n\n<figure class=\"wp-block-image size-large\"><a href=\"https:\/\/orchesterfreunde-gera.de\/content\/wp-content\/uploads\/2024\/09\/IMG_20240831_143713-1-scaled.jpg\"><img loading=\"lazy\" decoding=\"async\" width=\"1024\" height=\"768\" data-id=\"51791395715222640\" src=\"https:\/\/orchesterfreunde-gera.de\/content\/wp-content\/uploads\/2024\/09\/IMG_20240831_143713-1-1024x768.jpg\" alt=\"\" class=\"wp-image-51791395715222640\" srcset=\"https:\/\/orchesterfreunde-gera.de\/content\/wp-content\/uploads\/2024\/09\/IMG_20240831_143713-1-1024x768.jpg 1024w, https:\/\/orchesterfreunde-gera.de\/content\/wp-content\/uploads\/2024\/09\/IMG_20240831_143713-1-300x225.jpg 300w, https:\/\/orchesterfreunde-gera.de\/content\/wp-content\/uploads\/2024\/09\/IMG_20240831_143713-1-768x576.jpg 768w, https:\/\/orchesterfreunde-gera.de\/content\/wp-content\/uploads\/2024\/09\/IMG_20240831_143713-1-1536x1152.jpg 1536w, https:\/\/orchesterfreunde-gera.de\/content\/wp-content\/uploads\/2024\/09\/IMG_20240831_143713-1-2048x1536.jpg 2048w, https:\/\/orchesterfreunde-gera.de\/content\/wp-content\/uploads\/2024\/09\/IMG_20240831_143713-1-640x480.jpg 640w\" sizes=\"auto, (max-width: 1024px) 100vw, 1024px\" \/><\/a><figcaption class=\"wp-element-caption\">00000000<\/figcaption><\/figure>\n\n\n\n<figure class=\"wp-block-image size-large\"><a href=\"https:\/\/orchesterfreunde-gera.de\/content\/wp-content\/uploads\/2024\/09\/IMG_20240831_134401-1-scaled.jpg\"><img loading=\"lazy\" decoding=\"async\" width=\"1024\" height=\"768\" data-id=\"51791395715222610\" src=\"https:\/\/orchesterfreunde-gera.de\/content\/wp-content\/uploads\/2024\/09\/IMG_20240831_134401-1-1024x768.jpg\" alt=\"\" class=\"wp-image-51791395715222610\" srcset=\"https:\/\/orchesterfreunde-gera.de\/content\/wp-content\/uploads\/2024\/09\/IMG_20240831_134401-1-1024x768.jpg 1024w, https:\/\/orchesterfreunde-gera.de\/content\/wp-content\/uploads\/2024\/09\/IMG_20240831_134401-1-300x225.jpg 300w, https:\/\/orchesterfreunde-gera.de\/content\/wp-content\/uploads\/2024\/09\/IMG_20240831_134401-1-768x576.jpg 768w, https:\/\/orchesterfreunde-gera.de\/content\/wp-content\/uploads\/2024\/09\/IMG_20240831_134401-1-1536x1152.jpg 1536w, https:\/\/orchesterfreunde-gera.de\/content\/wp-content\/uploads\/2024\/09\/IMG_20240831_134401-1-2048x1536.jpg 2048w, https:\/\/orchesterfreunde-gera.de\/content\/wp-content\/uploads\/2024\/09\/IMG_20240831_134401-1-640x480.jpg 640w\" sizes=\"auto, (max-width: 1024px) 100vw, 1024px\" \/><\/a><figcaption class=\"wp-element-caption\">00000001<\/figcaption><\/figure>\n\n\n\n<figure class=\"wp-block-image size-large\"><a href=\"https:\/\/orchesterfreunde-gera.de\/content\/wp-content\/uploads\/2024\/09\/IMG_20240831_140207-scaled.jpg\"><img loading=\"lazy\" decoding=\"async\" width=\"1024\" height=\"768\" data-id=\"51791395715222600\" src=\"https:\/\/orchesterfreunde-gera.de\/content\/wp-content\/uploads\/2024\/09\/IMG_20240831_140207-1024x768.jpg\" alt=\"\" class=\"wp-image-51791395715222600\" srcset=\"https:\/\/orchesterfreunde-gera.de\/content\/wp-content\/uploads\/2024\/09\/IMG_20240831_140207-1024x768.jpg 1024w, https:\/\/orchesterfreunde-gera.de\/content\/wp-content\/uploads\/2024\/09\/IMG_20240831_140207-300x225.jpg 300w, https:\/\/orchesterfreunde-gera.de\/content\/wp-content\/uploads\/2024\/09\/IMG_20240831_140207-768x576.jpg 768w, https:\/\/orchesterfreunde-gera.de\/content\/wp-content\/uploads\/2024\/09\/IMG_20240831_140207-1536x1152.jpg 1536w, https:\/\/orchesterfreunde-gera.de\/content\/wp-content\/uploads\/2024\/09\/IMG_20240831_140207-2048x1536.jpg 2048w, https:\/\/orchesterfreunde-gera.de\/content\/wp-content\/uploads\/2024\/09\/IMG_20240831_140207-640x480.jpg 640w\" sizes=\"auto, (max-width: 1024px) 100vw, 1024px\" \/><\/a><figcaption class=\"wp-element-caption\">00000001<\/figcaption><\/figure>\n\n\n\n<figure class=\"wp-block-image size-large\"><a href=\"https:\/\/orchesterfreunde-gera.de\/content\/wp-content\/uploads\/2024\/09\/IMG_20240831_140451-3-scaled.jpg\"><img decoding=\"async\" data-id=\"51791395715222660\" src=\"https:\/\/orchesterfreunde-gera.de\/content\/wp-content\/uploads\/2024\/09\/IMG_20240831_140451-3-1024x768.jpg\" alt=\"\" class=\"wp-image-51791395715222660\"\/><\/a><figcaption class=\"wp-element-caption\">00000000<\/figcaption><\/figure>\n\n\n\n<figure class=\"wp-block-image size-large\"><a href=\"https:\/\/orchesterfreunde-gera.de\/content\/wp-content\/uploads\/2024\/09\/IMG_20240831_141807-scaled.jpg\"><img loading=\"lazy\" decoding=\"async\" width=\"768\" height=\"1024\" data-id=\"51791395715222584\" src=\"https:\/\/orchesterfreunde-gera.de\/content\/wp-content\/uploads\/2024\/09\/IMG_20240831_141807-768x1024.jpg\" alt=\"\" class=\"wp-image-51791395715222584\" srcset=\"https:\/\/orchesterfreunde-gera.de\/content\/wp-content\/uploads\/2024\/09\/IMG_20240831_141807-768x1024.jpg 768w, https:\/\/orchesterfreunde-gera.de\/content\/wp-content\/uploads\/2024\/09\/IMG_20240831_141807-225x300.jpg 225w, https:\/\/orchesterfreunde-gera.de\/content\/wp-content\/uploads\/2024\/09\/IMG_20240831_141807-1152x1536.jpg 1152w, https:\/\/orchesterfreunde-gera.de\/content\/wp-content\/uploads\/2024\/09\/IMG_20240831_141807-1536x2048.jpg 1536w, https:\/\/orchesterfreunde-gera.de\/content\/wp-content\/uploads\/2024\/09\/IMG_20240831_141807-640x853.jpg 640w, https:\/\/orchesterfreunde-gera.de\/content\/wp-content\/uploads\/2024\/09\/IMG_20240831_141807-scaled.jpg 1920w\" sizes=\"auto, (max-width: 768px) 100vw, 768px\" \/><\/a><figcaption class=\"wp-element-caption\">00000000<\/figcaption><\/figure>\n\n\n\n<figure class=\"wp-block-image size-large\"><a href=\"https:\/\/orchesterfreunde-gera.de\/content\/wp-content\/uploads\/2024\/09\/IMG_20240831_141848-2-scaled.jpg\"><img loading=\"lazy\" decoding=\"async\" width=\"768\" height=\"1024\" data-id=\"51791395715222650\" src=\"https:\/\/orchesterfreunde-gera.de\/content\/wp-content\/uploads\/2024\/09\/IMG_20240831_141848-2-768x1024.jpg\" alt=\"\" class=\"wp-image-51791395715222650\" srcset=\"https:\/\/orchesterfreunde-gera.de\/content\/wp-content\/uploads\/2024\/09\/IMG_20240831_141848-2-768x1024.jpg 768w, https:\/\/orchesterfreunde-gera.de\/content\/wp-content\/uploads\/2024\/09\/IMG_20240831_141848-2-225x300.jpg 225w, https:\/\/orchesterfreunde-gera.de\/content\/wp-content\/uploads\/2024\/09\/IMG_20240831_141848-2-1152x1536.jpg 1152w, https:\/\/orchesterfreunde-gera.de\/content\/wp-content\/uploads\/2024\/09\/IMG_20240831_141848-2-1536x2048.jpg 1536w, https:\/\/orchesterfreunde-gera.de\/content\/wp-content\/uploads\/2024\/09\/IMG_20240831_141848-2-640x853.jpg 640w, https:\/\/orchesterfreunde-gera.de\/content\/wp-content\/uploads\/2024\/09\/IMG_20240831_141848-2-scaled.jpg 1920w\" sizes=\"auto, (max-width: 768px) 100vw, 768px\" \/><\/a><figcaption class=\"wp-element-caption\">00000000<\/figcaption><\/figure>\n<\/figure>\n","protected":false},"excerpt":{"rendered":"<p>Unser Verein unternahm am 31.August eine musikalische Exkursion in die Schlosskirche St.Trinitatis Wei\u00dfenfels mit wunderbarer Orgelmusik unseres Vereinsmitgliedes Frau Hahn an der F\u00f6rner-Orgel. Inklusive F\u00fchrung in die Gruft der herzoglichen Familie samt Prunks\u00e4rgen. Als weitere Stationen besuchten wir das Goethe-Theater Bad Lauchst\u00e4dt und die historischen Kuranlagen. Ein erlebnisreicher und informativer Tag!<\/p>\n","protected":false},"author":2,"featured_media":0,"parent":0,"menu_order":0,"comment_status":"closed","ping_status":"closed","template":"","meta":{"footnotes":""},"class_list":["post-51791395715222570","page","type-page","status-publish","hentry"],"_links":{"self":[{"href":"https:\/\/orchesterfreunde-gera.de\/content\/wp-json\/wp\/v2\/pages\/51791395715222570","targetHints":{"allow":["GET"]}}],"collection":[{"href":"https:\/\/orchesterfreunde-gera.de\/content\/wp-json\/wp\/v2\/pages"}],"about":[{"href":"https:\/\/orchesterfreunde-gera.de\/content\/wp-json\/wp\/v2\/types\/page"}],"author":[{"embeddable":true,"href":"https:\/\/orchesterfreunde-gera.de\/content\/wp-json\/wp\/v2\/users\/2"}],"replies":[{"embeddable":true,"href":"https:\/\/orchesterfreunde-gera.de\/content\/wp-json\/wp\/v2\/comments?post=51791395715222570"}],"version-history":[{"count":3,"href":"https:\/\/orchesterfreunde-gera.de\/content\/wp-json\/wp\/v2\/pages\/51791395715222570\/revisions"}],"predecessor-version":[{"id":51791395715222653,"href":"https:\/\/orchesterfreunde-gera.de\/content\/wp-json\/wp\/v2\/pages\/51791395715222570\/revisions\/51791395715222653"}],"wp:attachment":[{"href":"https:\/\/orchesterfreunde-gera.de\/content\/wp-json\/wp\/v2\/media?parent=51791395715222570"}],"curies":[{"name":"wp","href":"https:\/\/api.w.org\/{rel}","templated":true}]}}