{"id":401,"date":"2011-06-14T23:32:18","date_gmt":"2011-06-14T21:32:18","guid":{"rendered":"http:\/\/demoseite.upeuker.net\/wordpress\/?page_id=401"},"modified":"2020-10-23T09:21:52","modified_gmt":"2020-10-23T07:21:52","slug":"eric-solen","status":"publish","type":"page","link":"https:\/\/orchesterfreunde-gera.de\/content\/dirigenten\/eric-solen\/","title":{"rendered":"Eric Sol\u00e8n"},"content":{"rendered":"\n<div class=\"wp-block-image is-style-default\"><figure class=\"aligncenter\"><a href=\"https:\/\/orchesterfreunde-gera.de\/content\/wp-content\/uploads\/2011\/06\/Solen1.jpg\" target=\"_blank\" rel=\"noopener noreferrer\"><img loading=\"lazy\" decoding=\"async\" width=\"513\" height=\"196\" src=\"https:\/\/orchesterfreunde-gera.de\/content\/wp-content\/uploads\/2011\/06\/Solen1.jpg\" alt=\"\" class=\"wp-image-429\" title=\"Eric Sol\u00e8n\" srcset=\"https:\/\/orchesterfreunde-gera.de\/content\/wp-content\/uploads\/2011\/06\/Solen1.jpg 513w, https:\/\/orchesterfreunde-gera.de\/content\/wp-content\/uploads\/2011\/06\/Solen1-300x114.jpg 300w, https:\/\/orchesterfreunde-gera.de\/content\/wp-content\/uploads\/2011\/06\/Solen1-500x191.jpg 500w\" sizes=\"auto, (max-width: 513px) 100vw, 513px\" \/><\/a><\/figure><\/div>\n\n\n\n<p class=\"has-normal-font-size\">Eric Sol\u00e8n trat am 1. August 2005 sein Engagement als Generalmusikdirektor am Theater Altenburg-Gera an. Der schwedische Dirigent war zuvor 1. Kapellmeister und stellvertretender Generalmusikdirektor am Oldenburgischen Staatstheater. Er arbeitete mit allen bedeutenden Orchestern seines Heimatlandes zusammen, gastierte bei namhaften europ\u00e4ischen Orchestern, ist Preistr\u00e4ger zahlreicher internationaler Dirigierwettbewerbe und wurde mit einem Stipendium der Schwedischen K\u00f6niglichen Musikalischen Akademie ausgezeichnet. Als Sohn zweier Operns\u00e4nger studierte er zun\u00e4chst Gesang und Klavier am New Orleans Centre for Creative Arts. Sp\u00e4ter setzte er seine Klavierstudien an der K\u00f6niglichen Musikhochschule in Stockholm fort. Hier begann er auch mit dem Dirigierstudium. Er besuchte Meisterkurse bei Jorma Panula, Leif Segerstam, Okko Kamu sowie Bruno Rigacci und hospitierte bei James Levine w\u00e4hrend der Produktionen von Verdis \u201eLa forza del destino\u201c an der New Yorker Metropolitan Opera und Wagners \u201eRing des Nibelungen\u201c in Bayreuth.<\/p>\n","protected":false},"excerpt":{"rendered":"<p>Eric Sol\u00e8n trat am 1. August 2005 sein Engagement als Generalmusikdirektor am Theater Altenburg-Gera an. Der schwedische Dirigent war zuvor 1. Kapellmeister und stellvertretender Generalmusikdirektor am Oldenburgischen Staatstheater. Er arbeitete mit allen bedeutenden Orchestern seines Heimatlandes zusammen, gastierte bei namhaften europ\u00e4ischen Orchestern, ist Preistr\u00e4ger zahlreicher internationaler Dirigierwettbewerbe und wurde mit einem Stipendium der Schwedischen K\u00f6niglichen [&hellip;]<\/p>\n","protected":false},"author":2,"featured_media":0,"parent":616,"menu_order":2,"comment_status":"open","ping_status":"open","template":"","meta":{"footnotes":""},"class_list":["post-401","page","type-page","status-publish","hentry"],"_links":{"self":[{"href":"https:\/\/orchesterfreunde-gera.de\/content\/wp-json\/wp\/v2\/pages\/401","targetHints":{"allow":["GET"]}}],"collection":[{"href":"https:\/\/orchesterfreunde-gera.de\/content\/wp-json\/wp\/v2\/pages"}],"about":[{"href":"https:\/\/orchesterfreunde-gera.de\/content\/wp-json\/wp\/v2\/types\/page"}],"author":[{"embeddable":true,"href":"https:\/\/orchesterfreunde-gera.de\/content\/wp-json\/wp\/v2\/users\/2"}],"replies":[{"embeddable":true,"href":"https:\/\/orchesterfreunde-gera.de\/content\/wp-json\/wp\/v2\/comments?post=401"}],"version-history":[{"count":5,"href":"https:\/\/orchesterfreunde-gera.de\/content\/wp-json\/wp\/v2\/pages\/401\/revisions"}],"predecessor-version":[{"id":468455,"href":"https:\/\/orchesterfreunde-gera.de\/content\/wp-json\/wp\/v2\/pages\/401\/revisions\/468455"}],"up":[{"embeddable":true,"href":"https:\/\/orchesterfreunde-gera.de\/content\/wp-json\/wp\/v2\/pages\/616"}],"wp:attachment":[{"href":"https:\/\/orchesterfreunde-gera.de\/content\/wp-json\/wp\/v2\/media?parent=401"}],"curies":[{"name":"wp","href":"https:\/\/api.w.org\/{rel}","templated":true}]}}