{"id":14540,"date":"2013-09-03T12:06:06","date_gmt":"2013-09-03T10:06:06","guid":{"rendered":"http:\/\/orchesterfreunde-gera.de\/content\/?page_id=14540"},"modified":"2020-10-23T09:23:29","modified_gmt":"2020-10-23T07:23:29","slug":"laurent-wagner","status":"publish","type":"page","link":"https:\/\/orchesterfreunde-gera.de\/content\/dirigenten\/laurent-wagner\/","title":{"rendered":"Laurent Wagner"},"content":{"rendered":"\n<div class=\"wp-block-image is-style-default\"><figure class=\"aligncenter\"><img loading=\"lazy\" decoding=\"async\" width=\"330\" height=\"333\" src=\"https:\/\/orchesterfreunde-gera.de\/content\/wp-content\/uploads\/2013\/09\/file.php_.jpg\" alt=\"file.php\" class=\"wp-image-14564\" srcset=\"https:\/\/orchesterfreunde-gera.de\/content\/wp-content\/uploads\/2013\/09\/file.php_.jpg 330w, https:\/\/orchesterfreunde-gera.de\/content\/wp-content\/uploads\/2013\/09\/file.php_-150x150.jpg 150w, https:\/\/orchesterfreunde-gera.de\/content\/wp-content\/uploads\/2013\/09\/file.php_-297x300.jpg 297w\" sizes=\"auto, (max-width: 330px) 100vw, 330px\" \/><\/figure><\/div>\n\n\n\n<p class=\"has-normal-font-size\">Laurent Wagner begann sein Studium in seiner Heimatstadt Lyon und in Paris (Klavier, Fagott, Komposition und Kammermusik), bevor er 1982 Mitglied in der renommierten Kapellmeisterklasse von Prof. Karl \u00d6sterreicher an der Wiener Musikhochschule wurde. Er graduierte in Dirigieren und Korrepetitionspraxis mit Auszeichnung.<br>Nach einigen Jahren als Repetitor und Kapellmeister an den Theatern Heidelberg, Gelsenkirchen und Wuppertal und als maestro interno am Gran Teatre del Liceu in Barcelona wechselte er als stellvertretender Generalmusikdirektor ans Theater Dortmund. 1994 wurde er als Generalmusikdirektor ans Saarl\u00e4ndische Staatstheater Saarbr\u00fccken berufen, wo er neben zahlreichen Konzerten und Opernpremieren anregende und anspruchsvolle Projekte wie die Auff\u00fchrung von Messiaens Turangal\u00eela-Symphonie, Bergs gesamtem Orchesterwerk, dessen Opern Wozzeck und Lulu sowie Sch\u00f6nbergs Moses und Aron innerhalb eines Zyklus der Wiener Moderne verwirklichte, die \u00fcberregional Beachtung fanden.<br>In seiner neuen Funktion als Operndirektor des Theaters St. Gallen leitete er u.v.a. die Neuproduktionen von Verdis Don Carlo und Les V\u00eapres Siciliennes (in franz\u00f6sischer Originalsprache). Sein Weg f\u00fchrte ihn anschlie\u00dfend als Principal Conductor zum irischen Rundfunkorchester (RT\u00c9 Concert Orchestra) in Dublin, wo er auch zahlreiche Opernproduktionen an der Opera Ireland leitete, darunter die irische Erstauff\u00fchrung von Strauss\u2018 Salome.<\/p>\n\n\n\n<p class=\"has-normal-font-size\">Laurent Wagner gastiert bei bedeutenden Orchestern und Opernh\u00e4usern im In- und Ausland.<\/p>\n\n\n\n<p class=\"has-normal-font-size\">Seit einiger Zeit widmet er sich verst\u00e4rkt auch der Ausbildung junger S\u00e4nger. So unterrichtete er 2006 und 2007 in Tel Aviv am International Vocal Arts Institute (IVAI), wo er mit jungen Nachwuchss\u00e4ngern Mozarts Entf\u00fchrung aus dem Serail und Le Nozze di Figaro einstudierte, und als Gastdozent am Pariser Konservatorium. Seit 2013 betreut er am Konservatorium von Rennes eine Dirigierklasse.<\/p>\n\n\n\n<p class=\"has-normal-font-size\">Zahlreiche Rundfunkaufnahmen und Konzertmitschnitte zeugen von der Bandbreite und Vielfalt seiner k\u00fcnstlerischen Arbeit.<br>Laurent Wagner wurde f\u00fcr seine langj\u00e4hrigen Verdienste als Botschafter der franz\u00f6sischen Musik vom franz\u00f6sischen Staatspr\u00e4sidenten zum Chevalier de l&#8217;Ordre du M\u00e9rite ernannt.<\/p>\n\n\n\n<p class=\"has-normal-font-size\">Seit der Spielzeit 2013\/14 ist Laurent Wagner Generalmusikdirektor bei Theater&amp;Philharmonie Th\u00fcringen. Seitdem \u00fcbernahm er die musikalische Leitung der Neuproduktionen von Iphigenie auf Tauris, Der Rosenkavalier, Jen\u016ffa, Peter Grimes und La Boh\u00e8me sowie das Dirigat von zahlreichen Philharmonischen Konzerten u. a. mit Schumanns Sinfonie Nr. 2, Verdis Requiem, Carl Orffs Carmina Burana, den drei Tageszeiten-Sinfonien von Haydn, Schostakowitschs 1. Violinkonzert, Tschaikowskis 4. Sinfonie sowie Bachs Matth\u00e4us-Passion.<\/p>\n","protected":false},"excerpt":{"rendered":"<p>Laurent Wagner begann sein Studium in seiner Heimatstadt Lyon und in Paris (Klavier, Fagott, Komposition und Kammermusik), bevor er 1982 Mitglied in der renommierten Kapellmeisterklasse von Prof. Karl \u00d6sterreicher an der Wiener Musikhochschule wurde. Er graduierte in Dirigieren und Korrepetitionspraxis mit Auszeichnung.Nach einigen Jahren als Repetitor und Kapellmeister an den Theatern Heidelberg, Gelsenkirchen und Wuppertal [&hellip;]<\/p>\n","protected":false},"author":2,"featured_media":0,"parent":616,"menu_order":0,"comment_status":"open","ping_status":"open","template":"","meta":{"footnotes":""},"class_list":["post-14540","page","type-page","status-publish","hentry"],"_links":{"self":[{"href":"https:\/\/orchesterfreunde-gera.de\/content\/wp-json\/wp\/v2\/pages\/14540","targetHints":{"allow":["GET"]}}],"collection":[{"href":"https:\/\/orchesterfreunde-gera.de\/content\/wp-json\/wp\/v2\/pages"}],"about":[{"href":"https:\/\/orchesterfreunde-gera.de\/content\/wp-json\/wp\/v2\/types\/page"}],"author":[{"embeddable":true,"href":"https:\/\/orchesterfreunde-gera.de\/content\/wp-json\/wp\/v2\/users\/2"}],"replies":[{"embeddable":true,"href":"https:\/\/orchesterfreunde-gera.de\/content\/wp-json\/wp\/v2\/comments?post=14540"}],"version-history":[{"count":6,"href":"https:\/\/orchesterfreunde-gera.de\/content\/wp-json\/wp\/v2\/pages\/14540\/revisions"}],"predecessor-version":[{"id":468459,"href":"https:\/\/orchesterfreunde-gera.de\/content\/wp-json\/wp\/v2\/pages\/14540\/revisions\/468459"}],"up":[{"embeddable":true,"href":"https:\/\/orchesterfreunde-gera.de\/content\/wp-json\/wp\/v2\/pages\/616"}],"wp:attachment":[{"href":"https:\/\/orchesterfreunde-gera.de\/content\/wp-json\/wp\/v2\/media?parent=14540"}],"curies":[{"name":"wp","href":"https:\/\/api.w.org\/{rel}","templated":true}]}}

<div class="wp-block-image is-style-default"><figure class="aligncenter"><img loading="lazy" decoding="async" width="330" height="333" src="https://orchesterfreunde-gera.de/content/wp-content/uploads/2013/09/file.php_.jpg" alt="file.php" class="wp-image-14564" srcset="https://orchesterfreunde-gera.de/content/wp-content/uploads/2013/09/file.php_.jpg 330w, https://orchesterfreunde-gera.de/content/wp-content/uploads/2013/09/file.php_-150x150.jpg 150w, https://orchesterfreunde-gera.de/content/wp-content/uploads/2013/09/file.php_-297x300.jpg 297w" sizes="auto, (max-width: 330px) 100vw, 330px" /></figure></div>



<p class="has-normal-font-size">Laurent Wagner begann sein Studium in seiner Heimatstadt Lyon und in Paris (Klavier, Fagott, Komposition und Kammermusik), bevor er 1982 Mitglied in der renommierten Kapellmeisterklasse von Prof. Karl Österreicher an der Wiener Musikhochschule wurde. Er graduierte in Dirigieren und Korrepetitionspraxis mit Auszeichnung.<br>Nach einigen Jahren als Repetitor und Kapellmeister an den Theatern Heidelberg, Gelsenkirchen und Wuppertal und als maestro interno am Gran Teatre del Liceu in Barcelona wechselte er als stellvertretender Generalmusikdirektor ans Theater Dortmund. 1994 wurde er als Generalmusikdirektor ans Saarländische Staatstheater Saarbrücken berufen, wo er neben zahlreichen Konzerten und Opernpremieren anregende und anspruchsvolle Projekte wie die Aufführung von Messiaens Turangalîla-Symphonie, Bergs gesamtem Orchesterwerk, dessen Opern Wozzeck und Lulu sowie Schönbergs Moses und Aron innerhalb eines Zyklus der Wiener Moderne verwirklichte, die überregional Beachtung fanden.<br>In seiner neuen Funktion als Operndirektor des Theaters St. Gallen leitete er u.v.a. die Neuproduktionen von Verdis Don Carlo und Les Vêpres Siciliennes (in französischer Originalsprache). Sein Weg führte ihn anschließend als Principal Conductor zum irischen Rundfunkorchester (RTÉ Concert Orchestra) in Dublin, wo er auch zahlreiche Opernproduktionen an der Opera Ireland leitete, darunter die irische Erstaufführung von Strauss‘ Salome.</p>



<p class="has-normal-font-size">Laurent Wagner gastiert bei bedeutenden Orchestern und Opernhäusern im In- und Ausland.</p>



<p class="has-normal-font-size">Seit einiger Zeit widmet er sich verstärkt auch der Ausbildung junger Sänger. So unterrichtete er 2006 und 2007 in Tel Aviv am International Vocal Arts Institute (IVAI), wo er mit jungen Nachwuchssängern Mozarts Entführung aus dem Serail und Le Nozze di Figaro einstudierte, und als Gastdozent am Pariser Konservatorium. Seit 2013 betreut er am Konservatorium von Rennes eine Dirigierklasse.</p>



<p class="has-normal-font-size">Zahlreiche Rundfunkaufnahmen und Konzertmitschnitte zeugen von der Bandbreite und Vielfalt seiner künstlerischen Arbeit.<br>Laurent Wagner wurde für seine langjährigen Verdienste als Botschafter der französischen Musik vom französischen Staatspräsidenten zum Chevalier de l&#8217;Ordre du Mérite ernannt.</p>



<p class="has-normal-font-size">Seit der Spielzeit 2013/14 ist Laurent Wagner Generalmusikdirektor bei Theater&amp;Philharmonie Thüringen. Seitdem übernahm er die musikalische Leitung der Neuproduktionen von Iphigenie auf Tauris, Der Rosenkavalier, Jenůfa, Peter Grimes und La Bohème sowie das Dirigat von zahlreichen Philharmonischen Konzerten u. a. mit Schumanns Sinfonie Nr. 2, Verdis Requiem, Carl Orffs Carmina Burana, den drei Tageszeiten-Sinfonien von Haydn, Schostakowitschs 1. Violinkonzert, Tschaikowskis 4. Sinfonie sowie Bachs Matthäus-Passion.</p>

<p>Laurent Wagner begann sein Studium in seiner Heimatstadt Lyon und in Paris (Klavier, Fagott, Komposition und Kammermusik), bevor er 1982 Mitglied in der renommierten Kapellmeisterklasse von Prof. Karl Österreicher an der Wiener Musikhochschule wurde. Er graduierte in Dirigieren und Korrepetitionspraxis mit Auszeichnung.Nach einigen Jahren als Repetitor und Kapellmeister an den Theatern Heidelberg, Gelsenkirchen und Wuppertal [&hellip;]</p>
